{"id":15,"date":"2015-07-28T10:32:15","date_gmt":"2015-07-28T10:32:15","guid":{"rendered":"https:\/\/192.168.0.111\/tab\/?page_id=15"},"modified":"2015-07-28T10:32:15","modified_gmt":"2015-07-28T10:32:15","slug":"kontakt","status":"publish","type":"page","link":"http:\/\/taborsky-nitsch.at\/?page_id=15","title":{"rendered":"Kontakt"},"content":{"rendered":"<h4>Wir stehen Ihnen gerne f\u00fcr ein pers\u00f6nliches Gespr\u00e4ch zur Verf\u00fcgung.<\/h4>\n<h4>Das Erstgespr\u00e4ch ist kostenlos.<\/h4>\n<p>&nbsp;<\/p>\n<h4>B\u00fcro\u00f6ffnungszeiten:<\/h4>\n<table>\n<tbody>\n<tr>\n<td>Mo-Do:<br \/>\nFr:<\/td>\n<td>8\u00a0&#8211; 17\u00a0Uhr<br \/>\n8\u00a0&#8211; 15\u00a0Uhr<\/td>\n<\/tr>\n<tr>\n<td>Tel:<\/td>\n<td>01\/706 46 90-0<br \/>\n01\/706 46 93-0<\/td>\n<\/tr>\n<tr>\n<td>Fax:<\/td>\n<td>01\/706 46 90-22<\/td>\n<\/tr>\n<tr>\n<td>Email:<\/td>\n<td><a href=\"mailto:office@taborsky-nitsch.at\">office@taborsky-nitsch.at<\/a><\/td>\n<\/tr>\n<tr>\n<td>Adresse:<\/td>\n<td>Hofst\u00e4ttengasse 2<br \/>\nA 2320 Schwechat-Rannersdorf<\/td>\n<\/tr>\n<\/tbody>\n<\/table>\n<h5>Vor unserem B\u00fcro stehen Ihnen unbegrenzte, kostenfreie Parkm\u00f6glichkeiten zur Verf\u00fcgung.<\/h5>\n","protected":false},"excerpt":{"rendered":"<p>Wir stehen Ihnen gerne f\u00fcr ein pers\u00f6nliches Gespr\u00e4ch zur Verf\u00fcgung. Das Erstgespr\u00e4ch ist kostenlos. &nbsp; B\u00fcro\u00f6ffnungszeiten: Mo-Do: Fr: 8\u00a0&#8211; 17\u00a0Uhr 8\u00a0&#8211; 15\u00a0Uhr Tel: 01\/706 46 90-0 01\/706 46 93-0 Fax: 01\/706 46 90-22 Email: office@taborsky-nitsch.at Adresse: Hofst\u00e4ttengasse 2 A 2320 Schwechat-Rannersdorf Vor unserem B\u00fcro stehen Ihnen unbegrenzte, kostenfreie Parkm\u00f6glichkeiten zur Verf\u00fcgung.<\/p>\n","protected":false},"author":1,"featured_media":0,"parent":0,"menu_order":0,"comment_status":"closed","ping_status":"closed","template":"","meta":[],"yoast_head":"<!-- This site is optimized with the Yoast SEO plugin v19.13 - https:\/\/yoast.com\/wordpress\/plugins\/seo\/ -->\n<title>Kontakt - www.taborsky-nitsch.at<\/title>\n<meta name=\"robots\" content=\"index, follow, max-snippet:-1, max-image-preview:large, max-video-preview:-1\" \/>\n<link rel=\"canonical\" href=\"http:\/\/taborsky-nitsch.at\/?page_id=15\" \/>\n<meta property=\"og:locale\" content=\"de_DE\" \/>\n<meta property=\"og:type\" content=\"article\" \/>\n<meta property=\"og:title\" content=\"Kontakt - www.taborsky-nitsch.at\" \/>\n<meta property=\"og:description\" content=\"Wir stehen Ihnen gerne f\u00fcr ein pers\u00f6nliches Gespr\u00e4ch zur Verf\u00fcgung. Das Erstgespr\u00e4ch ist kostenlos. &nbsp; B\u00fcro\u00f6ffnungszeiten: Mo-Do: Fr: 8\u00a0&#8211; 17\u00a0Uhr 8\u00a0&#8211; 15\u00a0Uhr Tel: 01\/706 46 90-0 01\/706 46 93-0 Fax: 01\/706 46 90-22 Email: office@taborsky-nitsch.at Adresse: Hofst\u00e4ttengasse 2 A 2320 Schwechat-Rannersdorf Vor unserem B\u00fcro stehen Ihnen unbegrenzte, kostenfreie Parkm\u00f6glichkeiten zur Verf\u00fcgung.\" \/>\n<meta property=\"og:url\" content=\"http:\/\/taborsky-nitsch.at\/?page_id=15\" \/>\n<meta property=\"og:site_name\" content=\"www.taborsky-nitsch.at\" \/>\n<meta name=\"twitter:card\" content=\"summary_large_image\" \/>\n<script type=\"application\/ld+json\" class=\"yoast-schema-graph\">{\"@context\":\"https:\/\/schema.org\",\"@graph\":[{\"@type\":\"WebPage\",\"@id\":\"http:\/\/taborsky-nitsch.at\/?page_id=15\",\"url\":\"http:\/\/taborsky-nitsch.at\/?page_id=15\",\"name\":\"Kontakt - www.taborsky-nitsch.at\",\"isPartOf\":{\"@id\":\"http:\/\/taborsky-nitsch.at\/#website\"},\"datePublished\":\"2015-07-28T10:32:15+00:00\",\"dateModified\":\"2015-07-28T10:32:15+00:00\",\"breadcrumb\":{\"@id\":\"http:\/\/taborsky-nitsch.at\/?page_id=15#breadcrumb\"},\"inLanguage\":\"de\",\"potentialAction\":[{\"@type\":\"ReadAction\",\"target\":[\"http:\/\/taborsky-nitsch.at\/?page_id=15\"]}]},{\"@type\":\"BreadcrumbList\",\"@id\":\"http:\/\/taborsky-nitsch.at\/?page_id=15#breadcrumb\",\"itemListElement\":[{\"@type\":\"ListItem\",\"position\":1,\"name\":\"Home\",\"item\":\"http:\/\/taborsky-nitsch.at\/\"},{\"@type\":\"ListItem\",\"position\":2,\"name\":\"Kontakt\"}]},{\"@type\":\"WebSite\",\"@id\":\"http:\/\/taborsky-nitsch.at\/#website\",\"url\":\"http:\/\/taborsky-nitsch.at\/\",\"name\":\"www.taborsky-nitsch.at\",\"description\":\"\",\"publisher\":{\"@id\":\"http:\/\/taborsky-nitsch.at\/#organization\"},\"potentialAction\":[{\"@type\":\"SearchAction\",\"target\":{\"@type\":\"EntryPoint\",\"urlTemplate\":\"http:\/\/taborsky-nitsch.at\/?s={search_term_string}\"},\"query-input\":\"required name=search_term_string\"}],\"inLanguage\":\"de\"},{\"@type\":\"Organization\",\"@id\":\"http:\/\/taborsky-nitsch.at\/#organization\",\"name\":\"Yvonne Taborsky-Nitsch\",\"url\":\"http:\/\/taborsky-nitsch.at\/\",\"logo\":{\"@type\":\"ImageObject\",\"inLanguage\":\"de\",\"@id\":\"http:\/\/taborsky-nitsch.at\/#\/schema\/logo\/image\/\",\"url\":\"http:\/\/taborsky-nitsch.at\/wp-content\/uploads\/2015\/09\/home.png\",\"contentUrl\":\"http:\/\/taborsky-nitsch.at\/wp-content\/uploads\/2015\/09\/home.png\",\"width\":150,\"height\":220,\"caption\":\"Yvonne Taborsky-Nitsch\"},\"image\":{\"@id\":\"http:\/\/taborsky-nitsch.at\/#\/schema\/logo\/image\/\"}}]}<\/script>\n<!-- \/ Yoast SEO plugin. -->","yoast_head_json":{"title":"Kontakt - www.taborsky-nitsch.at","robots":{"index":"index","follow":"follow","max-snippet":"max-snippet:-1","max-image-preview":"max-image-preview:large","max-video-preview":"max-video-preview:-1"},"canonical":"http:\/\/taborsky-nitsch.at\/?page_id=15","og_locale":"de_DE","og_type":"article","og_title":"Kontakt - www.taborsky-nitsch.at","og_description":"Wir stehen Ihnen gerne f\u00fcr ein pers\u00f6nliches Gespr\u00e4ch zur Verf\u00fcgung. Das Erstgespr\u00e4ch ist kostenlos. &nbsp; B\u00fcro\u00f6ffnungszeiten: Mo-Do: Fr: 8\u00a0&#8211; 17\u00a0Uhr 8\u00a0&#8211; 15\u00a0Uhr Tel: 01\/706 46 90-0 01\/706 46 93-0 Fax: 01\/706 46 90-22 Email: office@taborsky-nitsch.at Adresse: Hofst\u00e4ttengasse 2 A 2320 Schwechat-Rannersdorf Vor unserem B\u00fcro stehen Ihnen unbegrenzte, kostenfreie Parkm\u00f6glichkeiten zur Verf\u00fcgung.","og_url":"http:\/\/taborsky-nitsch.at\/?page_id=15","og_site_name":"www.taborsky-nitsch.at","twitter_card":"summary_large_image","schema":{"@context":"https:\/\/schema.org","@graph":[{"@type":"WebPage","@id":"http:\/\/taborsky-nitsch.at\/?page_id=15","url":"http:\/\/taborsky-nitsch.at\/?page_id=15","name":"Kontakt - www.taborsky-nitsch.at","isPartOf":{"@id":"http:\/\/taborsky-nitsch.at\/#website"},"datePublished":"2015-07-28T10:32:15+00:00","dateModified":"2015-07-28T10:32:15+00:00","breadcrumb":{"@id":"http:\/\/taborsky-nitsch.at\/?page_id=15#breadcrumb"},"inLanguage":"de","potentialAction":[{"@type":"ReadAction","target":["http:\/\/taborsky-nitsch.at\/?page_id=15"]}]},{"@type":"BreadcrumbList","@id":"http:\/\/taborsky-nitsch.at\/?page_id=15#breadcrumb","itemListElement":[{"@type":"ListItem","position":1,"name":"Home","item":"http:\/\/taborsky-nitsch.at\/"},{"@type":"ListItem","position":2,"name":"Kontakt"}]},{"@type":"WebSite","@id":"http:\/\/taborsky-nitsch.at\/#website","url":"http:\/\/taborsky-nitsch.at\/","name":"www.taborsky-nitsch.at","description":"","publisher":{"@id":"http:\/\/taborsky-nitsch.at\/#organization"},"potentialAction":[{"@type":"SearchAction","target":{"@type":"EntryPoint","urlTemplate":"http:\/\/taborsky-nitsch.at\/?s={search_term_string}"},"query-input":"required name=search_term_string"}],"inLanguage":"de"},{"@type":"Organization","@id":"http:\/\/taborsky-nitsch.at\/#organization","name":"Yvonne Taborsky-Nitsch","url":"http:\/\/taborsky-nitsch.at\/","logo":{"@type":"ImageObject","inLanguage":"de","@id":"http:\/\/taborsky-nitsch.at\/#\/schema\/logo\/image\/","url":"http:\/\/taborsky-nitsch.at\/wp-content\/uploads\/2015\/09\/home.png","contentUrl":"http:\/\/taborsky-nitsch.at\/wp-content\/uploads\/2015\/09\/home.png","width":150,"height":220,"caption":"Yvonne Taborsky-Nitsch"},"image":{"@id":"http:\/\/taborsky-nitsch.at\/#\/schema\/logo\/image\/"}}]}},"_links":{"self":[{"href":"http:\/\/taborsky-nitsch.at\/index.php?rest_route=\/wp\/v2\/pages\/15"}],"collection":[{"href":"http:\/\/taborsky-nitsch.at\/index.php?rest_route=\/wp\/v2\/pages"}],"about":[{"href":"http:\/\/taborsky-nitsch.at\/index.php?rest_route=\/wp\/v2\/types\/page"}],"author":[{"embeddable":true,"href":"http:\/\/taborsky-nitsch.at\/index.php?rest_route=\/wp\/v2\/users\/1"}],"replies":[{"embeddable":true,"href":"http:\/\/taborsky-nitsch.at\/index.php?rest_route=%2Fwp%2Fv2%2Fcomments&post=15"}],"version-history":[{"count":0,"href":"http:\/\/taborsky-nitsch.at\/index.php?rest_route=\/wp\/v2\/pages\/15\/revisions"}],"wp:attachment":[{"href":"http:\/\/taborsky-nitsch.at\/index.php?rest_route=%2Fwp%2Fv2%2Fmedia&parent=15"}],"curies":[{"name":"wp","href":"https:\/\/api.w.org\/{rel}","templated":true}]}}